5/20 + f**4/4 + f**3/6 + 3*f**2/2 + f. Let s be q(-3). Let c(p) = -4*p - 2*p + s*p. Give c(1).
-6
Let h = -11 + 9. Let t(m) = 2*m**3 + m**2 - 3*m - 2. Give t(h).
-8
Let b = 6 - 3. Suppose 3*o = 3*m - 9, 1 - b = m + 4*o. Suppose 5*a - 6 = m*a. Let r(z) = -3*z**2 + 4*z - 2. Give r(a).
-6
Suppose 0*r + p = 5*r - 72, r - 27 = -4*p. Suppose -3*t = -0*t - r. Let n(g) = g**3 - 6*g**2 + 5*g - 7. What is n(t)?
-7
Suppose -5*q + 3*q = 10. Let c = 4 + q. Let r(w) = -11*w - 1. Give r(c).
10
Let p(o) be the first derivative of o**2 - 6*o - 6. Suppose 0 = -3*q + 20 - 8. What is p(q)?
2
Let d = 2 + 29. Suppose 0*g - 2*a = -4*g - 34, -g - d = -5*a. Let z(h) = h + 7. Give z(g).
1
Let a = 20 - 12. Let p(o) = -o**2 + 9*o - 6. Let c be p(a). Let x(n) = 1 + 1 + n + c. Give x(-3).
1
Suppose 2*k = 3*k. Let f(s) be the third derivative of 1/24*s**4 - 1/60*s**5 + 0 + 0*s + 1/6*s**3 - 4*s**2. What is f(k)?
1
Let f(i) = -4*i**2 - i**3 - 2*i**3 + 5 + 4*i**3. Suppose v = -k + 3, -2*v + 4*k + 36 = 2*v. Let u = 10 - v. Give f(u).
5
Let l(g) = g**3 + 7*g**2 + 7*g. Let n = 18 - 24. Determine l(n).
-6
Let f be (-3)/(-12) + (-14)/(-8). Suppose -q - 3 = -f. Let c(r) = -16*r**3 + r**2 + 2*r + 1. What is c(q)?
16
Let z(q) = 4*q + 3. Suppose 19*y - 18*y + 6 = 0. Give z(y).
-21
Let s(q) be the first derivative of -q**4/4 + q**3/3 + q**2/2 - 17. What is s(-1)?
1
Let m = 0 + 2. Suppose 0 = -m*s - 6 + 2. Let x(l) = -2*l**3 - 3*l**2 - 4*l - 3. Calculate x(s).
9
Let p = -25 - -19. Let y(u) = u**3 + 7*u**2 + 5*u - 8. Calculate y(p).
-2
Let d(i) be the first derivative of -i**3/3 + 2*i + 1. Suppose -b + 2 = -0*b. Let o be d(b). Let r(q) = -3*q - 3. Give r(o).
3
Let t = -3 - -6. Suppose 3*i + i = 2*b - 16, 5*i - 2 = -t*b. Let q(l) be the second derivative of l**3/6 - l**2/2 - l. Determine q(b).
3
Let h(y) = 2*y**2 - 10*y + 3. Let t(x) = 3*x**2 - 15*x + 4. Suppose -4*m = -3*m + 7. Let j(b) = m*h(b) + 5*t(b). Calculate j(4).
-5
Let j = 29/3 - 55/6. Let d(y) be the second derivative of -7/6*y**3 + 0 - j*y**2 + 2*y. Determine d(-1).
6
Let f(s) be the first derivative of -s**4/4 - 2*s**3 + s**2 + 9*s - 22. Calculate f(-6).
-3
Let b(f) = -3*f - 4 - 2*f**2 + 0*f - f**2 + 4*f**2. Let s(n) = -n**3 + 2*n**2 + 4*n + 1. Let w be s(3). What is b(w)?
0
Let v(c) = -13*c**2 + 2*c - 2. Let f(q) = -12*q**2 + 3*q - 3. Let h(t) = 2*f(t) - 3*v(t). Give h(1).
15
Let x(b) be the second derivative of b**8/2240 + b**7/2520 - b**5/120 - b**4/12 + 2*b. Let f(p) be the third derivative of x(p). Give f(-1).
-3
Let l(p) = -3*p**2 + p - 6*p + 5*p**2 - 3. Suppose -5*c + 2 = q + 2*q, 4*q - c - 18 = 0. Calculate l(q).
9
Let i(x) = 19*x**2 - 21*x - 5. Let g(s) = -9*s**2 + 10*s + 2. Let n(c) = 13*g(c) + 6*i(c). Give n(3).
-19
Suppose -4*j + 9 = -j. Let i(w) = -6*w**3 + 2*w**3 + w**3 + 4*w**3 - j*w**2 - 1. Determine i(2).
-5
Suppose 0*n - 3*n - 18 = 0. Let v(d) be the third derivative of -d**4/8 - 3*d**3/2 - 11*d**2. What is v(n)?
9
Let z(h) = -h - 9. Let q be (3 + -2 + 1)*-2. Calculate z(q).
-5
Let g(v) = 2*v**3 - 3*v**2 - 7*v + 7. Let n(q) = q**3 - q**2 - 3*q + 3. Let c(s) = -3*g(s) + 5*n(s). Give c(5).
-1
Let s(d) be the second derivative of -d**5/20 + 5*d**4/12 + 5*d**3/6 - 4*d**2 + 4*d + 11. Give s(6).
-14
Let s(l) = -l**3 + 4*l**2 + 4*l + 11. Let a be s(5). Let n(x) = x**3 - 7*x**2 + 6*x. What is n(a)?
0
Let s = -8 - -3. Let h(t) = -t**3 - 6*t**2 - 3*t + 1. Give h(s).
-9
Let p(d) = d + 4. Let j = -4 + 7. Suppose 0 = u + j*u + 20. Determine p(u).
-1
Let l = 59 - 41. Let q = l - 12. Let u(x) = 5*x**3 - q*x**3 + 1 + 3 + 3*x**2 - 4*x. Give u(3).
-8
Suppose 29 = -2*q - 3*q + 2*w, 5*w = 10. Let y(j) = 4*j**2 + 8*j + 6. Let r(s) = -3*s**2 - 8*s - 6. Let v(c) = 3*r(c) + 2*y(c). What is v(q)?
9
Let l(c) be the first derivative of c**5/120 + 5*c**4/12 - 4*c**3/3 - 1. Let j(a) be the third derivative of l(a). What is j(-5)?
5
Let g(z) be the second derivative of 1/4*z**4 + 0*z**2 + 7/720*z**6 + 3*z + 1/120*z**5 + 0*z**3 + 0. Let b(u) be the third derivative of g(u). Determine b(-1).
-6
Suppose -5*o + 2*o - 2*p = -30, 3*p = -3*o + 30. Let a(t) = t**2 - 12*t + 15. Calculate a(o).
-5
Let a(d) be the first derivative of -1/2*d**2 + 1 - 4*d. Suppose -b + 4*c - 27 = -7, 0 = -b - 5*c + 16. What is a(b)?
0
Let u(c) = 3*c**2 - 4*c + 3. Suppose -n = -0 - 4. Let f(v) = -v**2 + v. Let q(d) = n*f(d) + u(d). Give q(3).
-6
Let m(o) = -o**2 + 5. Let h be m(0). Suppose 3*q - h*q + 2 = 0, 5*w = -5*q - 15. Let d = -2 - w. Let z(p) = -p**2 - p + 1. Calculate z(d).
-5
Let o(d) = 2*d**2 - 2*d. Suppose -2 = -5*k + y + 9, 9 = 4*k - y. Calculate o(k).
4
Let q be 16/10*(-40)/(-16). Suppose 5*w + 32 = 3*f, f + 6*w - w = -16. Let d(c) = c**3 - q - 5*c + 4*c**2 - f + 3. Calculate d(-5).
-5
Suppose -5*r - 10 = 5. Let z(u) = 3*u**2 - 11*u - 9. Let v(a) = a**2 - 5*a - 4. Suppose -i = -4*i - 15. Let b(g) = i*v(g) + 2*z(g). Calculate b(r).
2
Let n(x) = x + 9. Let y(q) = q - 1. Let l(h) = -n(h) - 6*y(h). Let m be l(-4). Suppose -2*t - 3*t - m = 0. Let o(c) = -c**2 - 5*c - 6. What is o(t)?
-6
Let x(g) = g + 3. Suppose -5*o - 45 = 5*y, 5 + 3 = -4*y + 3*o. Let q(a) = a**2 + 7*a + 7. Let l be q(y). Determine x(l).
0
Let h be (-63)/105 - 7/5*1. Let s(k) = -k + 1. Calculate s(h).
3
Let i(m) = 2*m - 5. Suppose l + 0*b - 2*b = 1, 4*l - 5*b = -11. Let c(r) = r**2 + 11*r + 13. Let h be c(l). Give i(h).
-15
Let u(b) = b - 3. Let d(k) = 2*k - 7. Let m(q) = 2*d(q) - 5*u(q). Let z be 2/(18/(-9))*6*1. Determine m(z).
7
Let z(b) = -b**3 - b**2 + 3*b - 2. Let p(r) be the first derivative of -r**3/3 + 5*r**2 - 12*r - 8. Let i be p(9). Determine z(i).
7
Let n(l) = l**3 - 12*l**2 - l - 8. Let f(q) = 2*q**3 - 25*q**2 - 3*q - 17. Let r(m) = -6*f(m) + 13*n(m). Let k be r(5). Let g(s) = -2*s - 3. Calculate g(k).
1
Suppose 3*s = s + 8. Suppose -3*y + 28 = -5*x - 0*x, 4*y = -x - 1. Let b(l) = -l - 2 - 2 + 5*l - y. Determine b(s).
11
Let a(q) = 4 + 4*q - 11*q + 2*q**2 + 5*q - 3*q. Give a(3).
7
Let p(s) = 7*s**3 + 11*s**2 - s + 7. Let z(o) = 3*o**3 + 5*o**2 + 3. Let i(y) = -2*p(y) + 5*z(y). Give i(-2).
1
Let w be (1 + 10/(-6))*-6. Let a(d) = -8*d - 2. Let t be a(-1). Let j(p) = -46 + 52 + 3*p**2 - t*p + 2*p**2 - p**3. Calculate j(w).
-2
Let w(g) = g + 11. Let f be w(-9). Let h(a) = 3*a**2 - a + 5. Let z(o) = o**2 + 1. Let i(r) = -h(r) + 4*z(r). Determine i(f).
5
Let g(b) be the second derivative of b**3/2 + 4*b**2 - 43*b. Give g(-6).
-10
Suppose -3*w = v + 13, -5*v - 2 = -w - 1. Let b(k) = 2*k. Let n(m) = 5*m. Let x(i) = 7*b(i) - 3*n(i). Give x(w).
4
Let r(f) = -9 + f + 7 + 2. Give r(0).
0
Let s(c) be the first derivative of 3 - 1/3*c**3 - 5/2*c**2 - 2*c. Determine s(-4).
2
Suppose -4*w - 3*h - 11 = 8, -3*w - 14 = 2*h. Let k(l) = 2*l - 1. Let s(m) = -6*m + 1. Let z(f) = -2*k(f) - s(f). Give z(w).
-7
Let z(b) be the second derivative of -b**5/20 - b**4/12 - b**3/6 - b**2 + 15*b. Let i(l) = l - 6. Let x be i(6). Determine z(x).
-2
Let n(y) = 22 - 2*y - 4*y - 21 + y. What is n(-4)?
21
Let p = 21 - 19. Let q(m) = -4*m + 2. Determine q(p).
-6
Let d(t) = 2*t. Let w(v) = -7*v + 1. Let p be w(3). Let c = 24 - 28. Let o be (c/p)/(2/10). Determine d(o).
2
Let r = -6 - -11. Suppose -4 = 3*w - r*w. Let l(v) = -2*v + 2. What is l(w)?
-2
Let c(z) be the first derivative of -2*z**3/3 - 3*z**2 - 5*z - 21. What is c(-4)?
-13
Let c(t) = -2*t + 12. Let w(u) = -u + 6. Let m(h) = 6*c(h) - 11*w(h). Determine m(6).
0
Suppose 2*a - 5 = -13. Let p(t) = 11*t**2 + 3*t + 6. Let k(n) = -5*n**2 - 2*n - 3. Let i(j) = a*p(j) - 9*k(j). Let b = -10 + 7. Determine i(b).
-6
Let s(d) = -4*d + 1. Suppose 8*c = 4*c + 8. What is s(c)?
-7
Let p(i) = -i**2 - i. Let t(o) = -o**2 + 4*o + 1. Let b(q) = p(q) + t(q). What is b(3)?
-8
Let k(w) = w**2 - 2*w + 4*w - 6*w. Calculate k(4).
0
Let z(m) = -2*m + 11. Let l(u) = -u + 10. Let n(s) = 3*l(s) - 2*z(s). Let h be n(-6). Let t be h*(5/(-2) + 0). Let f(a) = a + 8. Determine f(t).
3
Let t(d) = 1 + 134*d - 41*d - 44*d - 40*d. Give t(-1).
-8
Let v(u) = -5*u + 1. Let a(h) = 2*h. Let s(x) = 8*a(x) + 3*v(x). Calculate s(-7).
-4
Suppose 3*h + 2*h - 29 = -a, -4*a - 5*h = -41. Suppose f = a*f. Let k(d) = d**3 - d**2 - d + 2. What is k(f)?
2
Let b(p) = p**2 + 3*p - 2. Let j(n) = n**2 + 3*n - 1. Let q(z) = -5*b(z) + 6*j(z). Let y = 12 - 16. Give q(y).
8
Let q(t) be the second derivative of 1/6*t**